*z + 8250. Calculate the remainder when z is divided by 127.
126
Let h = 19959 + -19779. Calculate the remainder when 323 is divided by h.
143
Suppose 5*s - 9*s - 53 = -237. Calculate the remainder when 170 is divided by s.
32
Let w = -22 + 68. Let g(o) = -o**2 - 15*o + 1077. Calculate the remainder when 2 + w + -3 + -3 is divided by g(26).
9
Let y = -13992 + 14364. What is the remainder when 385 is divided by y?
13
Suppose -3*z + 588 - 144 = 0. Let c = z - 140. What is the remainder when 28 is divided by c?
4
Suppose -2*s + 3*s = k + 141, -8*s - 3*k + 1216 = 0. Calculate the remainder when 1340 is divided by s.
148
Let t = -102 - -143. Suppose -4*j = 9*j - 13. What is the remainder when t is divided by (3 + 15)/j + 6/(-2)?
11
Let u(m) = -m**2 + m + 2. Let s be u(-2). Let h(o) = 4*o**3 - o**2 - 5*o + 3. What is the remainder when h(3) is divided by s/(12/(-63)) - 6?
12
Suppose 10 = 5*h, 4*h - 26 = -4*q + h. Suppose q*v - 6*v = -19. What is the remainder when 90 is divided by v?
14
Suppose -16*i - 4461 = -23597. What is the remainder when i is divided by 172?
164
Suppose -81*n + 79*n + 3*i = -211, -3*n - 4*i + 308 = 0. Let y(x) = -x**3 + 27*x**2 + 66*x + 69. Calculate the remainder when y(29) is divided by n.
93
Let q be ((-12)/(-24))/(1/52*-1). Let h = q - -542. Suppose -4*l - 196 + h = 0. What is the remainder when l is divided by 17?
12
Let k = 660 + -1101. Let v = k + 576. What is the remainder when v is divided by 46?
43
Suppose 999*h = -a + 998*h + 2466, -5*a = -4*h - 12294. What is the remainder when a is divided by 99?
86
Suppose -23*y = -10*y - 52. Suppose y*p - 3*x = 88, 110 = 3*p + 2*p - 2*x. What is the remainder when 49 is divided by p?
5
Suppose -235*v + 115354 = -11*v + 11418. Calculate the remainder when 472 is divided by v.
8
Let x = -23894 - -24227. Calculate the remainder when 3317 is divided by x.
320
Suppose -30*q - 126 = 12*q. What is the remainder when 25 is divided by 196/16 + q/(-4)?
12
Suppose -41800 = -54*r + 12686. What is the remainder when r is divided by 988?
21
Let w(m) = m**2 + 10*m + 20. Let k(n) be the first derivative of -5*n**2/2 + 13. Let p be k(3). Calculate the remainder when w(p) is divided by 24.
23
Let o = 7666 + -6533. What is the remainder when o is divided by 127?
117
Let c = -16759 + 16944. Calculate the remainder when 2574 is divided by c.
169
Suppose 22*q + 1834 = 2736. What is the remainder when 390 is divided by q?
21
Let z(u) = u**3 - u**2 - 3*u + 6. Let b be z(4). Suppose -o = -0*o - b. Calculate the remainder when o is divided by 39 - (37 + (-66)/6).
3
Let n = -2785 - -2823. What is the remainder when 260 is divided by n?
32
Suppose n - 7101 - 1068 = -3*z, 5*n = 5*z - 13595. Calculate the remainder when z is divided by 109.
106
Suppose -4*d = -3*b + 35, 6*d - 4*b + 40 = 2*d. Let h(k) = -126*k - 374. Calculate the remainder when h(d) is divided by 13.
9
Let p(w) = 6*w**3 - 4*w**2 - w + 5. Let f = 32 + 24. Let t = f - 53. Calculate the remainder when p(t) is divided by 43.
42
What is the remainder when 2/(-6) - (-2548)/39 is divided by 5?
0
Suppose 13*y - 4 = 12*y. Let d be 0 + y/(20/595). Suppose -d = -4*u + 5. What is the remainder when 91 is divided by u?
29
Let m = 11 - 9. Let g(t) = 3*t**2 + 13 - 2*t**m + 0*t**2 + 11*t. Calculate the remainder when 36 is divided by g(-11).
10
Let c be (32/20)/((-4)/(-10)) - -280. Suppose 0 = 5*i - i - c. Calculate the remainder when i is divided by 19.
14
Let r(c) = 3*c - 43. Suppose 6*n - 72 = 2*n. What is the remainder when ((-6)/5)/((-6)/380) is divided by r(n)?
10
Let y(h) = 2*h**3 + 2*h**2 + 6*h - 16. Let u(n) = -3*n**3 - 2*n**2 - 5*n + 16. Let a(k) = -3*u(k) - 4*y(k). Calculate the remainder when a(4) is divided by 6.
0
Suppose i + y = 4, -2*y + 28 = -5*i + 83. Suppose -4*x = 4*c - 124, 7 + 51 = 2*x - 2*c. What is the remainder when x is divided by i?
3
Suppose 264 = 210*v - 206*v. Suppose -4*c + 7*c = v. What is the remainder when 129 is divided by c?
19
Suppose -74 = 931*g - 929*g. What is the remainder when 164/(-3034) + (-9881)/g is divided by 67?
66
Suppose -32*a = -3*a - 58. Suppose -158 = -5*d + 4*t, a*t + 28 = 9*d - 8*d. What is the remainder when d is divided by 32?
2
Let i = 1348 - 944. What is the remainder when i is divided by 6?
2
Let m = 3075 - 1168. What is the remainder when m is divided by 6?
5
Let d be 79/(-2)*(0/3 + -2). Suppose 0 = -6*y + d - 7. Calculate the remainder when 404/7 + 4/14 is divided by y.
10
What is the remainder when (2/5 + (-12542)/(-20))*(1317 - 1315) is divided by 34?
31
Let f(k) = -k**2. Let i(r) = -8*r**2 + 10*r + 4. Let s(u) = -3*f(u) - i(u). Calculate the remainder when s(-3) is divided by 9.
8
Let k(c) = 20*c - 62. Let h be k(4). Suppose 15*b = h*b - 339. Calculate the remainder when b is divided by 58.
55
Suppose -1352 = 3823*f - 3849*f. What is the remainder when 5716 is divided by f?
48
Let a(x) = 16*x + 296. Let l be a(29). Suppose 767*m - 105 = l*m. What is the remainder when 62 is divided by m?
2
Suppose 0 = 1772*y - 1712*y + 250 - 1630. Calculate the remainder when 4046 is divided by y.
21
Let x(g) = 6*g + 29. Let q be x(-11). Let b = q + 5. Let c = b - -93. Calculate the remainder when c is divided by 17.
10
Let l(a) = -54*a + 275. Let f = -1026 - -1104. Calculate the remainder when f is divided by l(5).
3
Let s(o) = 2*o**2 - 5*o - 11. Let i be s(6). Let h = 34 - i. Calculate the remainder when 13/h*(8 - 5) is divided by 3.
1
Let x be (4 + (-104)/8)*(-1)/3. Suppose -31 = -y - x. Calculate the remainder when 192 is divided by y.
24
Let f(q) = -q**2 - q - 1. Let u be f(-1). Let v = 12 - u. Suppose -10*n = -188 - 42. Calculate the remainder when n is divided by v.
10
Suppose -140 = 120*y - 123*y + 5*u, 2*y - 85 = -5*u. What is the remainder when y is divided by 8?
5
Suppose -20 = 3*w + w. Let l be (-2)/w - (-42)/(-5)*6. What is the remainder when (2*1/(-5))/(2/l) is divided by 7?
3
Let j(i) = 119*i**3 + 14*i**2 - 16*i + 3. What is the remainder when j(1) is divided by 31?
27
Suppose -3*v = x - 19, -3*x = 3*v + 39 - 78. Calculate the remainder when 793 is divided by x.
3
Suppose -37*j - 1501 + 2352 = 0. Suppose -5*z + 2*i = -14, 2*z = z - i. Calculate the remainder when j is divided by z.
1
Let j be (-126)/((4/(-6))/(64/(-48))). Let q = j + 298. What is the remainder when q is divided by 7?
4
Suppose -v = w - 9, 0 = -3*w - w + 2*v + 54. Suppose -5*z + 18 = -y, -5*y + z - w = -6*y. What is the remainder when 28 is divided by y?
0
Let q = -355 + 395. Suppose -1060 = q*u - 60*u. Calculate the remainder when u is divided by 18.
17
Suppose -5*x = -3*v - 5228 + 4062, 5*x + v = 1198. What is the remainder when 4994 is divided by x?
234
Let u = 46 - 23. Let g be (1*-2 - 2) + 7128/22. Let p = g - 308. Calculate the remainder when u is divided by p.
11
Suppose 451 = -35*f + 1361. Suppose 0 = -5*l + f + 79. What is the remainder when 103 is divided by l?
19
Let p = -2733 + 2768. Calculate the remainder when 233 is divided by p.
23
Suppose -14*m + 11*m + 48 = 0. Suppose 14*t - 4*t + 106 - 356 = 0. What is the remainder when t is divided by m?
9
Let i be 174/12 - (14/(-4) + 3). What is the remainder when 143 + ((-87)/i - 44/(-55)) is divided by 39?
21
Let z = -12 + 24. Suppose -d + 2 = -z. Suppose -1529 = -82*i + 2833 - 1410. Calculate the remainder when i is divided by d.
8
Let y = -3784 + 3840. Calculate the remainder when 1898 is divided by y.
50
Let u(s) = -66*s**3 + 2*s**2 - 1. Let h be u(1). Let v = -57 - h. Let i(m) = m**3 - 7*m**2 - 7*m + 5. Calculate the remainder when i(v) is divided by 7.
6
Let y(b) = 9*b - 6. What is the remainder when 3/7*32*(45 + -38) is divided by y(5)?
18
Suppose 32*u - 16124 = -2396. Calculate the remainder when u is divided by 145.
139
Let r = -3466 + -7202. Calculate the remainder when (-1)/(-7) - r/98 is divided by 22.
21
Let a(t) = 2*t**3 + 34*t**2 - 10*t - 575. What is the remainder when 1357 is divided by a(-16)?
96
Let k = 40 - 69. Let c = -8 - k. What is the remainder when 3122/49 - (-6)/c is divided by 19?
7
Let o(y) be the first derivative of y**3 + 3*y**2/2 - 66. Calculate the remainder when 34 is divided by o(-3).
16
Suppose 0 = 5*z + 5*t - 5, 2*z - 3*t - 2*t = -33. What is the remainder when 59 is divided by 28/(z + (-64)/(-12))?
17
Suppose 2*k + 3 - 1 = 0, 2*o - 